ghest common divisor of 40 and 232.
8
Calculate the highest common divisor of 1982 and 4.
2
Calculate the greatest common factor of 57 and 3.
3
What is the highest common divisor of 7 and 98?
7
What is the highest common factor of 183 and 122?
61
What is the greatest common divisor of 98 and 56?
14
Calculate the highest common divisor of 9656 and 136.
136
Calculate the highest common divisor of 55 and 44.
11
What is the greatest common divisor of 266 and 38?
38
Calculate the greatest common factor of 88 and 1804.
44
What is the highest common factor of 80 and 4880?
80
What is the greatest common factor of 8 and 172?
4
What is the greatest common divisor of 5 and 2045?
5
Calculate the greatest common factor of 42 and 518.
14
Calculate the highest common divisor of 50 and 1210.
10
What is the greatest common divisor of 224 and 1888?
32
Calculate the highest common factor of 360 and 216.
72
What is the highest common divisor of 315 and 245?
35
Calculate the greatest common factor of 550 and 500.
50
What is the greatest common divisor of 14 and 154?
14
Calculate the greatest common divisor of 171 and 228.
57
Calculate the highest common factor of 423 and 235.
47
What is the highest common divisor of 3004 and 4?
4
What is the greatest common factor of 54 and 42?
6
What is the highest common divisor of 30 and 4854?
6
What is the greatest common factor of 2545 and 5?
5
What is the greatest common factor of 81 and 3969?
81
What is the greatest common divisor of 17 and 119?
17
What is the greatest common divisor of 1250 and 17000?
250
What is the greatest common factor of 8798 and 332?
166
Calculate the highest common factor of 1968 and 24.
24
Calculate the highest common factor of 560 and 35.
35
Calculate the highest common factor of 97 and 1.
1
Calculate the highest common divisor of 51 and 544.
17
What is the highest common factor of 2686 and 3950?
158
Calculate the highest common divisor of 68 and 374.
34
Calculate the greatest common divisor of 1501 and 1738.
79
Calculate the highest common factor of 261 and 116.
29
Calculate the highest common factor of 80 and 5020.
20
Calculate the greatest common divisor of 1596 and 672.
84
Calculate the greatest common factor of 9 and 24.
3
Calculate the highest common divisor of 7781 and 124.
31
Calculate the highest common factor of 930 and 30.
30
Calculate the highest common divisor of 65 and 2925.
65
What is the highest common divisor of 1600 and 64?
64
Calculate the greatest common factor of 8 and 808.
8
What is the greatest common divisor of 224 and 8?
8
Calculate the greatest common factor of 387 and 45.
9
Calculate the greatest common factor of 36 and 831.
3
Calculate the greatest common divisor of 1722 and 42.
42
Calculate the greatest common divisor of 84 and 147.
21
What is the greatest common factor of 135 and 2187?
27
What is the greatest common factor of 52 and 403?
13
Calculate the greatest common factor of 12608 and 128.
64
Calculate the highest common factor of 52 and 52.
52
Calculate the highest common divisor of 80 and 1620.
20
Calculate the greatest common factor of 1848 and 966.
42
What is the greatest common factor of 86 and 817?
43
What is the highest common divisor of 70 and 15750?
70
Calculate the greatest common divisor of 4843 and 29.
29
What is the highest common factor of 52 and 39?
13
Calculate the highest common divisor of 8 and 14.
2
What is the greatest common factor of 60 and 2412?
12
What is the highest common factor of 1580 and 260?
20
What is the highest common divisor of 154 and 18194?
22
Calculate the highest common factor of 1164 and 228.
12
Calculate the highest common divisor of 36 and 1035.
9
Calculate the greatest common divisor of 20 and 292.
4
Calculate the greatest common divisor of 370 and 10.
10
Calculate the highest common divisor of 711 and 9.
9
Calculate the greatest common divisor of 748 and 121.
11
What is the highest common factor of 66 and 17446?
22
What is the highest common factor of 361 and 38?
19
What is the greatest common factor of 968 and 2112?
88
What is the greatest common factor of 54 and 12?
6
What is the greatest common factor of 26 and 312?
26
Calculate the highest common factor of 9 and 4.
1
Calculate the highest common divisor of 364 and 224.
28
Calculate the highest common divisor of 2814 and 4288.
134
Calculate the highest common divisor of 42 and 294.
42
Calculate the greatest common divisor of 1 and 29.
1
Calculate the greatest common factor of 1067 and 11.
11
What is the greatest common factor of 10905 and 15?
15
What is the highest common divisor of 1413 and 27?
9
Calculate the greatest common factor of 26 and 4.
2
What is the greatest common factor of 5377 and 849?
283
What is the highest common factor of 120 and 10?
10
What is the highest common divisor of 396 and 21186?
198
Calculate the highest common factor of 189 and 252.
63
What is the greatest common divisor of 12 and 3756?
12
Calculate the highest common divisor of 60 and 420.
60
Calculate the highest common factor of 62 and 2666.
62
What is the greatest common factor of 104 and 1244?
4
Calculate the highest common divisor of 94010 and 238.
238
Calculate the highest common divisor of 42 and 224.
14
Calculate the highest common factor of 1725 and 25.
25
What is the highest common factor of 25 and 55?
5
Calculate the greatest common divisor of 187 and 51.
17
What is the greatest common divisor of 56 and 350?
14
Calculate the greatest common factor of 2 and 58.
2
Calculate the greatest common factor of 855 and 9.
9
What is the highest common factor of 88 and 55?
11
What is the greatest common divisor of 4879 and 14?
7
Calculate the highest common factor of 416 and 117.
13
Calculate the greatest common divisor of 1017 and 513.
9
Calculate the highest common factor of 39 and 377.
13
Calculate the highest common divisor of 24 and 46980.
12
What is the highest common divisor of 322 and 690?
46
What is the highest common factor of 21 and 8169?
21
Calculate the greatest common divisor of 77 and 3872.
11
What is the highest common divisor of 78 and 5226?
78
What is the highest common factor of 663 and 2601?
51
Calculate the highest common factor of 3258 and 486.
18
Calculate the highest common divisor of 215 and 80.
5
What is the highest common factor of 3402 and 56?
14
Calculate the greatest common divisor of 48 and 102.
6
What is the highest common factor of 288 and 9?
9
Calculate the highest common factor of 228 and 96.
12
Calculate the greatest common factor of 1883 and 21.
7
What is the greatest common factor of 207 and 3749?
23
What is the highest common divisor of 894 and 12?
6
Calculate the highest common factor of 138 and 5589.
69
What is the highest common factor of 370 and 20?
10
Calculate the greatest common divisor of 441 and 2331.
63
What is the greatest common factor of 483 and 42?
21
What is the greatest common divisor of 309 and 6?
3
What is the highest common divisor of 60 and 132?
12
Calculate the highest common factor of 19 and 1026.
19
Calculate the greatest common divisor of 16 and 12976.
16
Calculate the greatest common factor of 396 and 36.
36
What is the highest common divisor of 8809 and 23?
23
Calculate the highest common divisor of 237 and 7505.
79
What is the highest common factor of 615 and 630?
15
Calculate the highest common factor of 558 and 174.
6
What is the highest common factor of 75 and 400?
25
What is the greatest common divisor of 897 and 276?
69
What is the highest common factor of 36 and 30114?
18
What is the highest common divisor of 48360 and 65?
65
Calculate the highest common factor of 369 and 9.
9
Calculate the highest common factor of 4023 and 3.
3
Calculate the highest common factor of 5644 and 2324.
332
Calculate the greatest common factor of 774 and 86.
86
Calculate the greatest common factor of 11 and 1793.
11
What is the highest common factor of 224 and 7?
7
What is the highest common divisor of 355 and 4544?
71
Calculate the greatest common divisor of 57 and 456.
57
What is the highest common divisor of 3 and 27?
3
Calculate the highest common divisor of 1035 and 225.
45
Calculate the highest common divisor of 8 and 424.
8
Calculate the greatest common divisor of 4 and 44.
4
Calculate the greatest common factor of 27 and 86427.